{"id":50,"date":"2021-08-02T23:06:48","date_gmt":"2021-08-02T21:06:48","guid":{"rendered":"https:\/\/www.kralovstvicko.cz\/?page_id=50"},"modified":"2021-09-21T04:35:34","modified_gmt":"2021-09-21T02:35:34","slug":"ke-cteni","status":"publish","type":"page","link":"https:\/\/www.kralovstvicko.cz\/index.php\/ke-cteni\/","title":{"rendered":"Ke \u010dten\u00ed"},"content":{"rendered":"\n<p class=\"has-text-align-justify wp-block-paragraph\">K va\u0161emu pot\u011b\u0161en\u00ed je prvn\u00edch p\u011bt kapitol voln\u011b dostupn\u00fdch na na\u0161ich str\u00e1nk\u00e1ch. M\u016f\u017eete se za\u010d\u00edst do na\u0161eho \u00fasm\u011bvn\u00e9ho poh\u00e1dkov\u00e9ho a tak\u0159ka detektivn\u00edho p\u0159\u00edb\u011bhu.<\/p>\n\n\n\n<p class=\"has-text-align-justify wp-block-paragraph\">V n\u011bm je hlavn\u00ed postavou Jan, bystr\u00fd jeden\u00e1ctilet\u00fd chlapec, \u017e\u00e1k Kr\u00e1lovsk\u00e9 mezin\u00e1rodn\u00ed \u0161koly v hlavn\u00edm m\u011bst\u011b Kr\u00e1lovstv\u00ed\u010dka a z\u00e1rove\u0148 jedin\u00fd panovn\u00edk\u016fv syn. Honz\u00edk i jeho kr\u00e1lovsk\u00fd pap\u00e1, kr\u00e1l Jan, \u017eij\u00ed v Kr\u00e1lovstv\u00ed\u010dku zd\u00e1 se \u00fapln\u011b norm\u00e1ln\u00edm, poklidn\u00fdm \u017eivotem. Tato idylka v\u0161ak skon\u010d\u00ed, kdy\u017e do \u0161koly nastoup\u00ed na z\u00e1stup za kolegyni na mate\u0159sk\u00e9 dovolen\u00e9 nov\u00e1 a z\u00e1hadn\u00e1 u\u010ditelka \u010de\u0161tiny. V\u011bci se daj\u00ed do pohybu a nic u\u017e nebude jako d\u0159\u00edve\u2026<\/p>\n\n\n\n<p class=\"has-text-align-justify wp-block-paragraph\"><\/p>\n\n\n\n<div class=\"wp-block-file\"><a href=\"https:\/\/www.kralovstvicko.cz\/wp-content\/uploads\/2021\/08\/Pohadka-lepsi-9_revize01-ukazka-peti-kapitol.pdf\" target=\"_blank\" rel=\"noreferrer noopener\">Pohadka-lepsi-9_revize01-ukazka-peti-kapitol<\/a><\/div>\n","protected":false},"excerpt":{"rendered":"<p>K va\u0161emu pot\u011b\u0161en\u00ed je prvn\u00edch p\u011bt kapitol voln\u011b dostupn\u00fdch na na\u0161ich str\u00e1nk\u00e1ch. M\u016f\u017eete se za\u010d\u00edst do na\u0161eho \u00fasm\u011bvn\u00e9ho poh\u00e1dkov\u00e9ho a tak\u0159ka detektivn\u00edho p\u0159\u00edb\u011bhu. V n\u011bm je hlavn\u00ed postavou Jan, bystr\u00fd jeden\u00e1ctilet\u00fd chlapec, \u017e\u00e1k Kr\u00e1lovsk\u00e9 mezin\u00e1rodn\u00ed \u0161koly v hlavn\u00edm m\u011bst\u011b Kr\u00e1lovstv\u00ed\u010dka a z\u00e1rove\u0148 jedin\u00fd panovn\u00edk\u016fv syn. Honz\u00edk i jeho kr\u00e1lovsk\u00fd pap\u00e1, kr\u00e1l Jan, \u017eij\u00ed v Kr\u00e1lovstv\u00ed\u010dku&hellip; <a class=\"more-link\" href=\"https:\/\/www.kralovstvicko.cz\/index.php\/ke-cteni\/\">Pokra\u010dovat ve\u00a0\u010dten\u00ed <span class=\"screen-reader-text\">Ke \u010dten\u00ed<\/span><\/a><\/p>\n","protected":false},"author":1,"featured_media":0,"parent":0,"menu_order":0,"comment_status":"closed","ping_status":"closed","template":"","meta":{"_editorskit_title_hidden":true,"_editorskit_reading_time":1,"_editorskit_is_block_options_detached":false,"_editorskit_block_options_position":"{}","_crdt_document":"","footnotes":""},"class_list":["post-50","page","type-page","status-publish","hentry","entry"],"_links":{"self":[{"href":"https:\/\/www.kralovstvicko.cz\/index.php\/wp-json\/wp\/v2\/pages\/50","targetHints":{"allow":["GET"]}}],"collection":[{"href":"https:\/\/www.kralovstvicko.cz\/index.php\/wp-json\/wp\/v2\/pages"}],"about":[{"href":"https:\/\/www.kralovstvicko.cz\/index.php\/wp-json\/wp\/v2\/types\/page"}],"author":[{"embeddable":true,"href":"https:\/\/www.kralovstvicko.cz\/index.php\/wp-json\/wp\/v2\/users\/1"}],"replies":[{"embeddable":true,"href":"https:\/\/www.kralovstvicko.cz\/index.php\/wp-json\/wp\/v2\/comments?post=50"}],"version-history":[{"count":7,"href":"https:\/\/www.kralovstvicko.cz\/index.php\/wp-json\/wp\/v2\/pages\/50\/revisions"}],"predecessor-version":[{"id":217,"href":"https:\/\/www.kralovstvicko.cz\/index.php\/wp-json\/wp\/v2\/pages\/50\/revisions\/217"}],"wp:attachment":[{"href":"https:\/\/www.kralovstvicko.cz\/index.php\/wp-json\/wp\/v2\/media?parent=50"}],"curies":[{"name":"wp","href":"https:\/\/api.w.org\/{rel}","templated":true}]}}